{"id":7847,"date":"2025-07-22T08:52:57","date_gmt":"2025-07-22T08:52:57","guid":{"rendered":"https:\/\/www.lesgrandsbuffets.com\/faq\/comment-comptabiliser-les-enfants-lors-de-la-prise-de-reservation-a-compter-du-1er-octobre-2025\/"},"modified":"2026-04-03T11:38:43","modified_gmt":"2026-04-03T11:38:43","slug":"com-puc-comptar-nens-en-fer-reserves-a-partir-octubre-2025","status":"publish","type":"faq","link":"https:\/\/www.lesgrandsbuffets.com\/ca\/faq\/com-puc-comptar-nens-en-fer-reserves-a-partir-octubre-2025\/","title":{"rendered":"Com puc comptar els nens en fer reserves ?"},"content":{"rendered":"<p>El nombre de nens (i nens petits) que vinguin a dinar als Grands Buffets s&#8217;ha d&#8217;incloure en el nombre total de comensals a la taula quan es fa la reserva i es consideren adults durant tot el proc\u00e9s de reserva.<\/p>\n<p>Els petits gourmets s\u00f3n benvinguts, sense excepci\u00f3, un \u00e0pat als grans bufets dura 3 hores, una experi\u00e8ncia encara m\u00e9s llarga per als nens. Per tant, recomanem que els pares dels nens petits els reservin aquesta experi\u00e8ncia \u00fanica m\u00e9s tard, per al millor lloc de tots.<\/p>\n","protected":false},"parent":0,"template":"","meta":{"_acf_changed":false,"_et_pb_use_builder":"","_et_pb_old_content":"","_et_gb_content_width":""},"categorie-faq":[47],"class_list":["post-7847","faq","type-faq","status-publish","hentry","categorie-faq-informacio-sobre-reserves-a-partir-octubre-2025"],"acf":[],"yoast_head":"<!-- This site is optimized with the Yoast SEO plugin v27.4 - https:\/\/yoast.com\/product\/yoast-seo-wordpress\/ -->\n<title>R\u00e9servation Les Grands Buffets : inclure les enfants<\/title>\n<meta name=\"description\" content=\"Lors de la r\u00e9servation, indiquez le nombre total de convives, y compris les enfants en bas \u00e2ge, m\u00eame sans consommation pr\u00e9vue.\" \/>\n<meta name=\"robots\" content=\"index, follow, max-snippet:-1, max-image-preview:large, max-video-preview:-1\" \/>\n<link rel=\"canonical\" href=\"https:\/\/www.lesgrandsbuffets.com\/ca\/faq\/com-puc-comptar-nens-en-fer-reserves-a-partir-octubre-2025\/\" \/>\n<meta property=\"og:locale\" content=\"ca_ES\" \/>\n<meta property=\"og:type\" content=\"article\" \/>\n<meta property=\"og:title\" content=\"R\u00e9servation Les Grands Buffets : inclure les enfants\" \/>\n<meta property=\"og:description\" content=\"Lors de la r\u00e9servation, indiquez le nombre total de convives, y compris les enfants en bas \u00e2ge, m\u00eame sans consommation pr\u00e9vue.\" \/>\n<meta property=\"og:url\" content=\"https:\/\/www.lesgrandsbuffets.com\/ca\/faq\/com-puc-comptar-nens-en-fer-reserves-a-partir-octubre-2025\/\" \/>\n<meta property=\"og:site_name\" content=\"Les Grands Buffets\" \/>\n<meta property=\"article:modified_time\" content=\"2026-04-03T11:38:43+00:00\" \/>\n<meta name=\"twitter:card\" content=\"summary_large_image\" \/>\n<meta name=\"twitter:label1\" content=\"Temps estimat de lectura\" \/>\n\t<meta name=\"twitter:data1\" content=\"1 minut\" \/>\n<script type=\"application\/ld+json\" class=\"yoast-schema-graph\">{\"@context\":\"https:\\\/\\\/schema.org\",\"@graph\":[{\"@type\":\"WebPage\",\"@id\":\"https:\\\/\\\/www.lesgrandsbuffets.com\\\/ca\\\/faq\\\/com-puc-comptar-nens-en-fer-reserves-a-partir-octubre-2025\\\/\",\"url\":\"https:\\\/\\\/www.lesgrandsbuffets.com\\\/ca\\\/faq\\\/com-puc-comptar-nens-en-fer-reserves-a-partir-octubre-2025\\\/\",\"name\":\"R\u00e9servation Les Grands Buffets : inclure les enfants\",\"isPartOf\":{\"@id\":\"https:\\\/\\\/www.lesgrandsbuffets.com\\\/ca\\\/#website\"},\"datePublished\":\"2025-07-22T08:52:57+00:00\",\"dateModified\":\"2026-04-03T11:38:43+00:00\",\"description\":\"Lors de la r\u00e9servation, indiquez le nombre total de convives, y compris les enfants en bas \u00e2ge, m\u00eame sans consommation pr\u00e9vue.\",\"breadcrumb\":{\"@id\":\"https:\\\/\\\/www.lesgrandsbuffets.com\\\/ca\\\/faq\\\/com-puc-comptar-nens-en-fer-reserves-a-partir-octubre-2025\\\/#breadcrumb\"},\"inLanguage\":\"ca\",\"potentialAction\":[{\"@type\":\"ReadAction\",\"target\":[\"https:\\\/\\\/www.lesgrandsbuffets.com\\\/ca\\\/faq\\\/com-puc-comptar-nens-en-fer-reserves-a-partir-octubre-2025\\\/\"]}]},{\"@type\":\"BreadcrumbList\",\"@id\":\"https:\\\/\\\/www.lesgrandsbuffets.com\\\/ca\\\/faq\\\/com-puc-comptar-nens-en-fer-reserves-a-partir-octubre-2025\\\/#breadcrumb\",\"itemListElement\":[{\"@type\":\"ListItem\",\"position\":1,\"name\":\"Accueil\",\"item\":\"https:\\\/\\\/www.lesgrandsbuffets.com\\\/ca\\\/\"},{\"@type\":\"ListItem\",\"position\":2,\"name\":\"Com puc comptar els nens en fer reserves ?\"}]},{\"@type\":\"WebSite\",\"@id\":\"https:\\\/\\\/www.lesgrandsbuffets.com\\\/ca\\\/#website\",\"url\":\"https:\\\/\\\/www.lesgrandsbuffets.com\\\/ca\\\/\",\"name\":\"Les Grands Buffets\",\"description\":\"Maison fond\u00e9e en 1989\",\"publisher\":{\"@id\":\"https:\\\/\\\/www.lesgrandsbuffets.com\\\/ca\\\/#organization\"},\"potentialAction\":[{\"@type\":\"SearchAction\",\"target\":{\"@type\":\"EntryPoint\",\"urlTemplate\":\"https:\\\/\\\/www.lesgrandsbuffets.com\\\/ca\\\/?s={search_term_string}\"},\"query-input\":{\"@type\":\"PropertyValueSpecification\",\"valueRequired\":true,\"valueName\":\"search_term_string\"}}],\"inLanguage\":\"ca\"},{\"@type\":\"Organization\",\"@id\":\"https:\\\/\\\/www.lesgrandsbuffets.com\\\/ca\\\/#organization\",\"name\":\"Les Grands Buffets\",\"url\":\"https:\\\/\\\/www.lesgrandsbuffets.com\\\/ca\\\/\",\"logo\":{\"@type\":\"ImageObject\",\"inLanguage\":\"ca\",\"@id\":\"https:\\\/\\\/www.lesgrandsbuffets.com\\\/ca\\\/#\\\/schema\\\/logo\\\/image\\\/\",\"url\":\"https:\\\/\\\/www.lesgrandsbuffets.com\\\/wp-content\\\/uploads\\\/2025\\\/08\\\/LOGO-GB-2205-BLANC-LGB-favicon-BG.png\",\"contentUrl\":\"https:\\\/\\\/www.lesgrandsbuffets.com\\\/wp-content\\\/uploads\\\/2025\\\/08\\\/LOGO-GB-2205-BLANC-LGB-favicon-BG.png\",\"width\":512,\"height\":512,\"caption\":\"Les Grands Buffets\"},\"image\":{\"@id\":\"https:\\\/\\\/www.lesgrandsbuffets.com\\\/ca\\\/#\\\/schema\\\/logo\\\/image\\\/\"}}]}<\/script>\n<!-- \/ Yoast SEO plugin. -->","yoast_head_json":{"title":"R\u00e9servation Les Grands Buffets : inclure les enfants","description":"Lors de la r\u00e9servation, indiquez le nombre total de convives, y compris les enfants en bas \u00e2ge, m\u00eame sans consommation pr\u00e9vue.","robots":{"index":"index","follow":"follow","max-snippet":"max-snippet:-1","max-image-preview":"max-image-preview:large","max-video-preview":"max-video-preview:-1"},"canonical":"https:\/\/www.lesgrandsbuffets.com\/ca\/faq\/com-puc-comptar-nens-en-fer-reserves-a-partir-octubre-2025\/","og_locale":"ca_ES","og_type":"article","og_title":"R\u00e9servation Les Grands Buffets : inclure les enfants","og_description":"Lors de la r\u00e9servation, indiquez le nombre total de convives, y compris les enfants en bas \u00e2ge, m\u00eame sans consommation pr\u00e9vue.","og_url":"https:\/\/www.lesgrandsbuffets.com\/ca\/faq\/com-puc-comptar-nens-en-fer-reserves-a-partir-octubre-2025\/","og_site_name":"Les Grands Buffets","article_modified_time":"2026-04-03T11:38:43+00:00","twitter_card":"summary_large_image","twitter_misc":{"Temps estimat de lectura":"1 minut"},"schema":{"@context":"https:\/\/schema.org","@graph":[{"@type":"WebPage","@id":"https:\/\/www.lesgrandsbuffets.com\/ca\/faq\/com-puc-comptar-nens-en-fer-reserves-a-partir-octubre-2025\/","url":"https:\/\/www.lesgrandsbuffets.com\/ca\/faq\/com-puc-comptar-nens-en-fer-reserves-a-partir-octubre-2025\/","name":"R\u00e9servation Les Grands Buffets : inclure les enfants","isPartOf":{"@id":"https:\/\/www.lesgrandsbuffets.com\/ca\/#website"},"datePublished":"2025-07-22T08:52:57+00:00","dateModified":"2026-04-03T11:38:43+00:00","description":"Lors de la r\u00e9servation, indiquez le nombre total de convives, y compris les enfants en bas \u00e2ge, m\u00eame sans consommation pr\u00e9vue.","breadcrumb":{"@id":"https:\/\/www.lesgrandsbuffets.com\/ca\/faq\/com-puc-comptar-nens-en-fer-reserves-a-partir-octubre-2025\/#breadcrumb"},"inLanguage":"ca","potentialAction":[{"@type":"ReadAction","target":["https:\/\/www.lesgrandsbuffets.com\/ca\/faq\/com-puc-comptar-nens-en-fer-reserves-a-partir-octubre-2025\/"]}]},{"@type":"BreadcrumbList","@id":"https:\/\/www.lesgrandsbuffets.com\/ca\/faq\/com-puc-comptar-nens-en-fer-reserves-a-partir-octubre-2025\/#breadcrumb","itemListElement":[{"@type":"ListItem","position":1,"name":"Accueil","item":"https:\/\/www.lesgrandsbuffets.com\/ca\/"},{"@type":"ListItem","position":2,"name":"Com puc comptar els nens en fer reserves ?"}]},{"@type":"WebSite","@id":"https:\/\/www.lesgrandsbuffets.com\/ca\/#website","url":"https:\/\/www.lesgrandsbuffets.com\/ca\/","name":"Les Grands Buffets","description":"Maison fond\u00e9e en 1989","publisher":{"@id":"https:\/\/www.lesgrandsbuffets.com\/ca\/#organization"},"potentialAction":[{"@type":"SearchAction","target":{"@type":"EntryPoint","urlTemplate":"https:\/\/www.lesgrandsbuffets.com\/ca\/?s={search_term_string}"},"query-input":{"@type":"PropertyValueSpecification","valueRequired":true,"valueName":"search_term_string"}}],"inLanguage":"ca"},{"@type":"Organization","@id":"https:\/\/www.lesgrandsbuffets.com\/ca\/#organization","name":"Les Grands Buffets","url":"https:\/\/www.lesgrandsbuffets.com\/ca\/","logo":{"@type":"ImageObject","inLanguage":"ca","@id":"https:\/\/www.lesgrandsbuffets.com\/ca\/#\/schema\/logo\/image\/","url":"https:\/\/www.lesgrandsbuffets.com\/wp-content\/uploads\/2025\/08\/LOGO-GB-2205-BLANC-LGB-favicon-BG.png","contentUrl":"https:\/\/www.lesgrandsbuffets.com\/wp-content\/uploads\/2025\/08\/LOGO-GB-2205-BLANC-LGB-favicon-BG.png","width":512,"height":512,"caption":"Les Grands Buffets"},"image":{"@id":"https:\/\/www.lesgrandsbuffets.com\/ca\/#\/schema\/logo\/image\/"}}]}},"_links":{"self":[{"href":"https:\/\/www.lesgrandsbuffets.com\/ca\/wp-json\/wp\/v2\/faq\/7847","targetHints":{"allow":["GET"]}}],"collection":[{"href":"https:\/\/www.lesgrandsbuffets.com\/ca\/wp-json\/wp\/v2\/faq"}],"about":[{"href":"https:\/\/www.lesgrandsbuffets.com\/ca\/wp-json\/wp\/v2\/types\/faq"}],"wp:attachment":[{"href":"https:\/\/www.lesgrandsbuffets.com\/ca\/wp-json\/wp\/v2\/media?parent=7847"}],"wp:term":[{"taxonomy":"categorie-faq","embeddable":true,"href":"https:\/\/www.lesgrandsbuffets.com\/ca\/wp-json\/wp\/v2\/categorie-faq?post=7847"}],"curies":[{"name":"wp","href":"https:\/\/api.w.org\/{rel}","templated":true}]}}

<p>El nombre de nens (i nens petits) que vinguin a dinar als Grands Buffets s&#8217;ha d&#8217;incloure en el nombre total de comensals a la taula quan es fa la reserva i es consideren adults durant tot el procés de reserva.</p>
<p>Els petits gourmets són benvinguts, sense excepció, un àpat als grans bufets dura 3 hores, una experiència encara més llarga per als nens. Per tant, recomanem que els pares dels nens petits els reservin aquesta experiència única més tard, per al millor lloc de tots.</p>

<!-- This site is optimized with the Yoast SEO plugin v27.4 - https://yoast.com/product/yoast-seo-wordpress/ -->
<title>Réservation Les Grands Buffets : inclure les enfants</title>
<meta name="description" content="Lors de la réservation, indiquez le nombre total de convives, y compris les enfants en bas âge, même sans consommation prévue." />
<meta name="robots" content="index, follow, max-snippet:-1, max-image-preview:large, max-video-preview:-1" />
<link rel="canonical" href="https://www.lesgrandsbuffets.com/ca/faq/com-puc-comptar-nens-en-fer-reserves-a-partir-octubre-2025/" />
<meta property="og:locale" content="ca_ES" />
<meta property="og:type" content="article" />
<meta property="og:title" content="Réservation Les Grands Buffets : inclure les enfants" />
<meta property="og:description" content="Lors de la réservation, indiquez le nombre total de convives, y compris les enfants en bas âge, même sans consommation prévue." />
<meta property="og:url" content="https://www.lesgrandsbuffets.com/ca/faq/com-puc-comptar-nens-en-fer-reserves-a-partir-octubre-2025/" />
<meta property="og:site_name" content="Les Grands Buffets" />
<meta property="article:modified_time" content="2026-04-03T11:38:43+00:00" />
<meta name="twitter:card" content="summary_large_image" />
<meta name="twitter:label1" content="Temps estimat de lectura" />
	<meta name="twitter:data1" content="1 minut" />
<script type="application/ld+json" class="yoast-schema-graph">{"@context":"https:\/\/schema.org","@graph":[{"@type":"WebPage","@id":"https:\/\/www.lesgrandsbuffets.com\/ca\/faq\/com-puc-comptar-nens-en-fer-reserves-a-partir-octubre-2025\/","url":"https:\/\/www.lesgrandsbuffets.com\/ca\/faq\/com-puc-comptar-nens-en-fer-reserves-a-partir-octubre-2025\/","name":"Réservation Les Grands Buffets : inclure les enfants","isPartOf":{"@id":"https:\/\/www.lesgrandsbuffets.com\/ca\/#website"},"datePublished":"2025-07-22T08:52:57+00:00","dateModified":"2026-04-03T11:38:43+00:00","description":"Lors de la réservation, indiquez le nombre total de convives, y compris les enfants en bas âge, même sans consommation prévue.","breadcrumb":{"@id":"https:\/\/www.lesgrandsbuffets.com\/ca\/faq\/com-puc-comptar-nens-en-fer-reserves-a-partir-octubre-2025\/#breadcrumb"},"inLanguage":"ca","potentialAction":[{"@type":"ReadAction","target":["https:\/\/www.lesgrandsbuffets.com\/ca\/faq\/com-puc-comptar-nens-en-fer-reserves-a-partir-octubre-2025\/"]}]},{"@type":"BreadcrumbList","@id":"https:\/\/www.lesgrandsbuffets.com\/ca\/faq\/com-puc-comptar-nens-en-fer-reserves-a-partir-octubre-2025\/#breadcrumb","itemListElement":[{"@type":"ListItem","position":1,"name":"Accueil","item":"https:\/\/www.lesgrandsbuffets.com\/ca\/"},{"@type":"ListItem","position":2,"name":"Com puc comptar els nens en fer reserves ?"}]},{"@type":"WebSite","@id":"https:\/\/www.lesgrandsbuffets.com\/ca\/#website","url":"https:\/\/www.lesgrandsbuffets.com\/ca\/","name":"Les Grands Buffets","description":"Maison fondée en 1989","publisher":{"@id":"https:\/\/www.lesgrandsbuffets.com\/ca\/#organization"},"potentialAction":[{"@type":"SearchAction","target":{"@type":"EntryPoint","urlTemplate":"https:\/\/www.lesgrandsbuffets.com\/ca\/?s={search_term_string}"},"query-input":{"@type":"PropertyValueSpecification","valueRequired":true,"valueName":"search_term_string"}}],"inLanguage":"ca"},{"@type":"Organization","@id":"https:\/\/www.lesgrandsbuffets.com\/ca\/#organization","name":"Les Grands Buffets","url":"https:\/\/www.lesgrandsbuffets.com\/ca\/","logo":{"@type":"ImageObject","inLanguage":"ca","@id":"https:\/\/www.lesgrandsbuffets.com\/ca\/#\/schema\/logo\/image\/","url":"https:\/\/www.lesgrandsbuffets.com\/wp-content\/uploads\/2025\/08\/LOGO-GB-2205-BLANC-LGB-favicon-BG.png","contentUrl":"https:\/\/www.lesgrandsbuffets.com\/wp-content\/uploads\/2025\/08\/LOGO-GB-2205-BLANC-LGB-favicon-BG.png","width":512,"height":512,"caption":"Les Grands Buffets"},"image":{"@id":"https:\/\/www.lesgrandsbuffets.com\/ca\/#\/schema\/logo\/image\/"}}]}</script>
<!-- / Yoast SEO plugin. -->

Réservation Les Grands Buffets : inclure les enfants

Lors de la réservation, indiquez le nombre total de convives, y compris les enfants en bas âge, même sans consommation prévue.

Maison fondée en 1989
