{"id":8192,"date":"2024-05-02T12:33:16","date_gmt":"2024-05-02T12:33:16","guid":{"rendered":"https:\/\/www.lesgrandsbuffets.com\/faq\/llibre-als-jardins\/"},"modified":"2024-05-02T12:33:16","modified_gmt":"2024-05-02T12:33:16","slug":"llibre-als-jardins","status":"publish","type":"faq","link":"https:\/\/www.lesgrandsbuffets.com\/ca\/faq\/llibre-als-jardins\/","title":{"rendered":"Llibre als jardins"},"content":{"rendered":"<p><span style=\"font-weight: 400;\">El Jard\u00ed Herv\u00e9 di Rosa obre anualment del 15 d&#8217;abril al 15 d&#8217;octubre. Aquestes dates poden ser lleugerament anteriors o posteriors segons les condicions meteorol\u00f2giques. <\/span><\/p>\n<p><span style=\"font-weight: 400;\">Les reserves per al Jardin Herv\u00e9 di Rosa s&#8217;obren al mar\u00e7.<\/span><\/p>\n","protected":false},"parent":0,"template":"","meta":{"_acf_changed":false,"_et_pb_use_builder":"","_et_pb_old_content":"","_et_gb_content_width":""},"categorie-faq":[47,56],"class_list":["post-8192","faq","type-faq","status-publish","hentry","categorie-faq-informacio-sobre-reserves-a-partir-octubre-2025","categorie-faq-informacio-sobre-reserves-fins-30-setembre-2025"],"acf":[],"yoast_head":"<!-- This site is optimized with the Yoast SEO plugin v27.4 - https:\/\/yoast.com\/product\/yoast-seo-wordpress\/ -->\n<title>Reserva al jard\u00ed dels Grands Buffets<\/title>\n<meta name=\"description\" content=\"El Jardin des Grands Buffets est\u00e0 obert d&#039;abril a octubre. Les reserves per a aquesta terrassa a l&#039;ombra s&#039;obren cada any al mar\u00e7, si el temps ho permet.\" \/>\n<meta name=\"robots\" content=\"index, follow, max-snippet:-1, max-image-preview:large, max-video-preview:-1\" \/>\n<link rel=\"canonical\" href=\"https:\/\/www.lesgrandsbuffets.com\/ca\/faq\/llibre-als-jardins\/\" \/>\n<meta property=\"og:locale\" content=\"ca_ES\" \/>\n<meta property=\"og:type\" content=\"article\" \/>\n<meta property=\"og:title\" content=\"Reserva al jard\u00ed dels Grands Buffets\" \/>\n<meta property=\"og:description\" content=\"El Jardin des Grands Buffets est\u00e0 obert d&#039;abril a octubre. Les reserves per a aquesta terrassa a l&#039;ombra s&#039;obren cada any al mar\u00e7, si el temps ho permet.\" \/>\n<meta property=\"og:url\" content=\"https:\/\/www.lesgrandsbuffets.com\/ca\/faq\/llibre-als-jardins\/\" \/>\n<meta property=\"og:site_name\" content=\"Les Grands Buffets\" \/>\n<meta name=\"twitter:card\" content=\"summary_large_image\" \/>\n<script type=\"application\/ld+json\" class=\"yoast-schema-graph\">{\"@context\":\"https:\\\/\\\/schema.org\",\"@graph\":[{\"@type\":\"WebPage\",\"@id\":\"https:\\\/\\\/www.lesgrandsbuffets.com\\\/ca\\\/faq\\\/llibre-als-jardins\\\/\",\"url\":\"https:\\\/\\\/www.lesgrandsbuffets.com\\\/ca\\\/faq\\\/llibre-als-jardins\\\/\",\"name\":\"Reserva al jard\u00ed dels Grands Buffets\",\"isPartOf\":{\"@id\":\"https:\\\/\\\/www.lesgrandsbuffets.com\\\/ca\\\/#website\"},\"datePublished\":\"2024-05-02T12:33:16+00:00\",\"description\":\"El Jardin des Grands Buffets est\u00e0 obert d'abril a octubre. Les reserves per a aquesta terrassa a l'ombra s'obren cada any al mar\u00e7, si el temps ho permet.\",\"breadcrumb\":{\"@id\":\"https:\\\/\\\/www.lesgrandsbuffets.com\\\/ca\\\/faq\\\/llibre-als-jardins\\\/#breadcrumb\"},\"inLanguage\":\"ca\",\"potentialAction\":[{\"@type\":\"ReadAction\",\"target\":[\"https:\\\/\\\/www.lesgrandsbuffets.com\\\/ca\\\/faq\\\/llibre-als-jardins\\\/\"]}]},{\"@type\":\"BreadcrumbList\",\"@id\":\"https:\\\/\\\/www.lesgrandsbuffets.com\\\/ca\\\/faq\\\/llibre-als-jardins\\\/#breadcrumb\",\"itemListElement\":[{\"@type\":\"ListItem\",\"position\":1,\"name\":\"Accueil\",\"item\":\"https:\\\/\\\/www.lesgrandsbuffets.com\\\/ca\\\/\"},{\"@type\":\"ListItem\",\"position\":2,\"name\":\"Llibre als jardins\"}]},{\"@type\":\"WebSite\",\"@id\":\"https:\\\/\\\/www.lesgrandsbuffets.com\\\/ca\\\/#website\",\"url\":\"https:\\\/\\\/www.lesgrandsbuffets.com\\\/ca\\\/\",\"name\":\"Les Grands Buffets\",\"description\":\"Maison fond\u00e9e en 1989\",\"publisher\":{\"@id\":\"https:\\\/\\\/www.lesgrandsbuffets.com\\\/ca\\\/#organization\"},\"potentialAction\":[{\"@type\":\"SearchAction\",\"target\":{\"@type\":\"EntryPoint\",\"urlTemplate\":\"https:\\\/\\\/www.lesgrandsbuffets.com\\\/ca\\\/?s={search_term_string}\"},\"query-input\":{\"@type\":\"PropertyValueSpecification\",\"valueRequired\":true,\"valueName\":\"search_term_string\"}}],\"inLanguage\":\"ca\"},{\"@type\":\"Organization\",\"@id\":\"https:\\\/\\\/www.lesgrandsbuffets.com\\\/ca\\\/#organization\",\"name\":\"Les Grands Buffets\",\"url\":\"https:\\\/\\\/www.lesgrandsbuffets.com\\\/ca\\\/\",\"logo\":{\"@type\":\"ImageObject\",\"inLanguage\":\"ca\",\"@id\":\"https:\\\/\\\/www.lesgrandsbuffets.com\\\/ca\\\/#\\\/schema\\\/logo\\\/image\\\/\",\"url\":\"https:\\\/\\\/www.lesgrandsbuffets.com\\\/wp-content\\\/uploads\\\/2025\\\/08\\\/LOGO-GB-2205-BLANC-LGB-favicon-BG.png\",\"contentUrl\":\"https:\\\/\\\/www.lesgrandsbuffets.com\\\/wp-content\\\/uploads\\\/2025\\\/08\\\/LOGO-GB-2205-BLANC-LGB-favicon-BG.png\",\"width\":512,\"height\":512,\"caption\":\"Les Grands Buffets\"},\"image\":{\"@id\":\"https:\\\/\\\/www.lesgrandsbuffets.com\\\/ca\\\/#\\\/schema\\\/logo\\\/image\\\/\"}}]}<\/script>\n<!-- \/ Yoast SEO plugin. -->","yoast_head_json":{"title":"Reserva al jard\u00ed dels Grands Buffets","description":"El Jardin des Grands Buffets est\u00e0 obert d'abril a octubre. Les reserves per a aquesta terrassa a l'ombra s'obren cada any al mar\u00e7, si el temps ho permet.","robots":{"index":"index","follow":"follow","max-snippet":"max-snippet:-1","max-image-preview":"max-image-preview:large","max-video-preview":"max-video-preview:-1"},"canonical":"https:\/\/www.lesgrandsbuffets.com\/ca\/faq\/llibre-als-jardins\/","og_locale":"ca_ES","og_type":"article","og_title":"Reserva al jard\u00ed dels Grands Buffets","og_description":"El Jardin des Grands Buffets est\u00e0 obert d'abril a octubre. Les reserves per a aquesta terrassa a l'ombra s'obren cada any al mar\u00e7, si el temps ho permet.","og_url":"https:\/\/www.lesgrandsbuffets.com\/ca\/faq\/llibre-als-jardins\/","og_site_name":"Les Grands Buffets","twitter_card":"summary_large_image","schema":{"@context":"https:\/\/schema.org","@graph":[{"@type":"WebPage","@id":"https:\/\/www.lesgrandsbuffets.com\/ca\/faq\/llibre-als-jardins\/","url":"https:\/\/www.lesgrandsbuffets.com\/ca\/faq\/llibre-als-jardins\/","name":"Reserva al jard\u00ed dels Grands Buffets","isPartOf":{"@id":"https:\/\/www.lesgrandsbuffets.com\/ca\/#website"},"datePublished":"2024-05-02T12:33:16+00:00","description":"El Jardin des Grands Buffets est\u00e0 obert d'abril a octubre. Les reserves per a aquesta terrassa a l'ombra s'obren cada any al mar\u00e7, si el temps ho permet.","breadcrumb":{"@id":"https:\/\/www.lesgrandsbuffets.com\/ca\/faq\/llibre-als-jardins\/#breadcrumb"},"inLanguage":"ca","potentialAction":[{"@type":"ReadAction","target":["https:\/\/www.lesgrandsbuffets.com\/ca\/faq\/llibre-als-jardins\/"]}]},{"@type":"BreadcrumbList","@id":"https:\/\/www.lesgrandsbuffets.com\/ca\/faq\/llibre-als-jardins\/#breadcrumb","itemListElement":[{"@type":"ListItem","position":1,"name":"Accueil","item":"https:\/\/www.lesgrandsbuffets.com\/ca\/"},{"@type":"ListItem","position":2,"name":"Llibre als jardins"}]},{"@type":"WebSite","@id":"https:\/\/www.lesgrandsbuffets.com\/ca\/#website","url":"https:\/\/www.lesgrandsbuffets.com\/ca\/","name":"Les Grands Buffets","description":"Maison fond\u00e9e en 1989","publisher":{"@id":"https:\/\/www.lesgrandsbuffets.com\/ca\/#organization"},"potentialAction":[{"@type":"SearchAction","target":{"@type":"EntryPoint","urlTemplate":"https:\/\/www.lesgrandsbuffets.com\/ca\/?s={search_term_string}"},"query-input":{"@type":"PropertyValueSpecification","valueRequired":true,"valueName":"search_term_string"}}],"inLanguage":"ca"},{"@type":"Organization","@id":"https:\/\/www.lesgrandsbuffets.com\/ca\/#organization","name":"Les Grands Buffets","url":"https:\/\/www.lesgrandsbuffets.com\/ca\/","logo":{"@type":"ImageObject","inLanguage":"ca","@id":"https:\/\/www.lesgrandsbuffets.com\/ca\/#\/schema\/logo\/image\/","url":"https:\/\/www.lesgrandsbuffets.com\/wp-content\/uploads\/2025\/08\/LOGO-GB-2205-BLANC-LGB-favicon-BG.png","contentUrl":"https:\/\/www.lesgrandsbuffets.com\/wp-content\/uploads\/2025\/08\/LOGO-GB-2205-BLANC-LGB-favicon-BG.png","width":512,"height":512,"caption":"Les Grands Buffets"},"image":{"@id":"https:\/\/www.lesgrandsbuffets.com\/ca\/#\/schema\/logo\/image\/"}}]}},"_links":{"self":[{"href":"https:\/\/www.lesgrandsbuffets.com\/ca\/wp-json\/wp\/v2\/faq\/8192","targetHints":{"allow":["GET"]}}],"collection":[{"href":"https:\/\/www.lesgrandsbuffets.com\/ca\/wp-json\/wp\/v2\/faq"}],"about":[{"href":"https:\/\/www.lesgrandsbuffets.com\/ca\/wp-json\/wp\/v2\/types\/faq"}],"wp:attachment":[{"href":"https:\/\/www.lesgrandsbuffets.com\/ca\/wp-json\/wp\/v2\/media?parent=8192"}],"wp:term":[{"taxonomy":"categorie-faq","embeddable":true,"href":"https:\/\/www.lesgrandsbuffets.com\/ca\/wp-json\/wp\/v2\/categorie-faq?post=8192"}],"curies":[{"name":"wp","href":"https:\/\/api.w.org\/{rel}","templated":true}]}}

<p><span style="font-weight: 400;">El Jardí Hervé di Rosa obre anualment del 15 d&#8217;abril al 15 d&#8217;octubre. Aquestes dates poden ser lleugerament anteriors o posteriors segons les condicions meteorològiques. </span></p>
<p><span style="font-weight: 400;">Les reserves per al Jardin Hervé di Rosa s&#8217;obren al març.</span></p>

<!-- This site is optimized with the Yoast SEO plugin v27.4 - https://yoast.com/product/yoast-seo-wordpress/ -->
<title>Reserva al jardí dels Grands Buffets</title>
<meta name="description" content="El Jardin des Grands Buffets està obert d&#039;abril a octubre. Les reserves per a aquesta terrassa a l&#039;ombra s&#039;obren cada any al març, si el temps ho permet." />
<meta name="robots" content="index, follow, max-snippet:-1, max-image-preview:large, max-video-preview:-1" />
<link rel="canonical" href="https://www.lesgrandsbuffets.com/ca/faq/llibre-als-jardins/" />
<meta property="og:locale" content="ca_ES" />
<meta property="og:type" content="article" />
<meta property="og:title" content="Reserva al jardí dels Grands Buffets" />
<meta property="og:description" content="El Jardin des Grands Buffets està obert d&#039;abril a octubre. Les reserves per a aquesta terrassa a l&#039;ombra s&#039;obren cada any al març, si el temps ho permet." />
<meta property="og:url" content="https://www.lesgrandsbuffets.com/ca/faq/llibre-als-jardins/" />
<meta property="og:site_name" content="Les Grands Buffets" />
<meta name="twitter:card" content="summary_large_image" />
<script type="application/ld+json" class="yoast-schema-graph">{"@context":"https:\/\/schema.org","@graph":[{"@type":"WebPage","@id":"https:\/\/www.lesgrandsbuffets.com\/ca\/faq\/llibre-als-jardins\/","url":"https:\/\/www.lesgrandsbuffets.com\/ca\/faq\/llibre-als-jardins\/","name":"Reserva al jardí dels Grands Buffets","isPartOf":{"@id":"https:\/\/www.lesgrandsbuffets.com\/ca\/#website"},"datePublished":"2024-05-02T12:33:16+00:00","description":"El Jardin des Grands Buffets està obert d'abril a octubre. Les reserves per a aquesta terrassa a l'ombra s'obren cada any al març, si el temps ho permet.","breadcrumb":{"@id":"https:\/\/www.lesgrandsbuffets.com\/ca\/faq\/llibre-als-jardins\/#breadcrumb"},"inLanguage":"ca","potentialAction":[{"@type":"ReadAction","target":["https:\/\/www.lesgrandsbuffets.com\/ca\/faq\/llibre-als-jardins\/"]}]},{"@type":"BreadcrumbList","@id":"https:\/\/www.lesgrandsbuffets.com\/ca\/faq\/llibre-als-jardins\/#breadcrumb","itemListElement":[{"@type":"ListItem","position":1,"name":"Accueil","item":"https:\/\/www.lesgrandsbuffets.com\/ca\/"},{"@type":"ListItem","position":2,"name":"Llibre als jardins"}]},{"@type":"WebSite","@id":"https:\/\/www.lesgrandsbuffets.com\/ca\/#website","url":"https:\/\/www.lesgrandsbuffets.com\/ca\/","name":"Les Grands Buffets","description":"Maison fondée en 1989","publisher":{"@id":"https:\/\/www.lesgrandsbuffets.com\/ca\/#organization"},"potentialAction":[{"@type":"SearchAction","target":{"@type":"EntryPoint","urlTemplate":"https:\/\/www.lesgrandsbuffets.com\/ca\/?s={search_term_string}"},"query-input":{"@type":"PropertyValueSpecification","valueRequired":true,"valueName":"search_term_string"}}],"inLanguage":"ca"},{"@type":"Organization","@id":"https:\/\/www.lesgrandsbuffets.com\/ca\/#organization","name":"Les Grands Buffets","url":"https:\/\/www.lesgrandsbuffets.com\/ca\/","logo":{"@type":"ImageObject","inLanguage":"ca","@id":"https:\/\/www.lesgrandsbuffets.com\/ca\/#\/schema\/logo\/image\/","url":"https:\/\/www.lesgrandsbuffets.com\/wp-content\/uploads\/2025\/08\/LOGO-GB-2205-BLANC-LGB-favicon-BG.png","contentUrl":"https:\/\/www.lesgrandsbuffets.com\/wp-content\/uploads\/2025\/08\/LOGO-GB-2205-BLANC-LGB-favicon-BG.png","width":512,"height":512,"caption":"Les Grands Buffets"},"image":{"@id":"https:\/\/www.lesgrandsbuffets.com\/ca\/#\/schema\/logo\/image\/"}}]}</script>
<!-- / Yoast SEO plugin. -->

Reserva al jardí dels Grands Buffets

El Jardin des Grands Buffets està obert d'abril a octubre. Les reserves per a aquesta terrassa a l'ombra s'obren cada any al març, si el temps ho permet.

Maison fondée en 1989
