{"id":8194,"date":"2024-05-02T12:33:34","date_gmt":"2024-05-02T12:33:34","guid":{"rendered":"https:\/\/www.lesgrandsbuffets.com\/faq\/reserva-per-als-apats-de-vacances-de-final-dany\/"},"modified":"2025-09-22T09:45:20","modified_gmt":"2025-09-22T09:45:20","slug":"reserva-per-als-apats-de-vacances-de-final-dany","status":"publish","type":"faq","link":"https:\/\/www.lesgrandsbuffets.com\/ca\/faq\/reserva-per-als-apats-de-vacances-de-final-dany\/","title":{"rendered":"Reserva per als \u00e0pats de vacances de final d&#8217;any"},"content":{"rendered":"<p>Les Grands Buffets organitza <strong>quatre \u00e0pats de Nadal amb xampany per a finals d&#8217;any.<\/strong> Les reserves espec\u00edfiques per a aquests quatre \u00e0pats de Nadal s&#8217;obren cada any durant l&#8217;\u00faltim trimestre.<\/p>\n<p>4 \u00e0pats de vacances amb bufet de prestigi, xampany il\u00b7limitat i vins de qualitat:<\/p>\n<ul>\n<li>Nit de Nadal el 24\/12<\/li>\n<li>Dinar de Nadal el 25\/12<\/li>\n<li>Cap d&#8217;Any el 31 de desembre<\/li>\n<li>Dinar de Cap d&#8217;Any<\/li>\n<\/ul>\n<p>Les reserves per a aquests \u00e0pats de festa de final d&#8217;any es fan exclusivament a trav\u00e9s del vostre compte personal <a href=\"https:\/\/moncompte.lesgrandsbuffets.com\/ca\/login\">EL MEU COMPTE<\/a> o mitjan\u00e7ant el bot\u00f3 de<strong> reserva en l\u00ednia <\/strong>que es troba a la part inferior de la p\u00e0gina del lloc web de Grands Buffets.<\/p>\n<p>Quan les reserves per als \u00e0pats de vacances estan obertes, apareixen a la p\u00e0gina de reserves de Grand Buffets.<\/p>\n","protected":false},"parent":0,"template":"","meta":{"_acf_changed":false,"_et_pb_use_builder":"","_et_pb_old_content":"","_et_gb_content_width":""},"categorie-faq":[47,56],"class_list":["post-8194","faq","type-faq","status-publish","hentry","categorie-faq-informacio-sobre-reserves-a-partir-octubre-2025","categorie-faq-informacio-sobre-reserves-fins-30-setembre-2025"],"acf":[],"yoast_head":"<!-- This site is optimized with the Yoast SEO plugin v27.4 - https:\/\/yoast.com\/product\/yoast-seo-wordpress\/ -->\n<title>\u00c0pats de Nadal als Grands Buffets: Reserva la teva taula<\/title>\n<meta name=\"description\" content=\"Cap d&#039;Any i dinars festius amb un bufet prestigi\u00f3s i xampany il\u00b7limitat als Grands Buffets. Reserva a trav\u00e9s del teu compte personal al lloc web.\" \/>\n<meta name=\"robots\" content=\"index, follow, max-snippet:-1, max-image-preview:large, max-video-preview:-1\" \/>\n<link rel=\"canonical\" href=\"https:\/\/www.lesgrandsbuffets.com\/ca\/faq\/reserva-per-als-apats-de-vacances-de-final-dany\/\" \/>\n<meta property=\"og:locale\" content=\"ca_ES\" \/>\n<meta property=\"og:type\" content=\"article\" \/>\n<meta property=\"og:title\" content=\"\u00c0pats de Nadal als Grands Buffets: Reserva la teva taula\" \/>\n<meta property=\"og:description\" content=\"Cap d&#039;Any i dinars festius amb un bufet prestigi\u00f3s i xampany il\u00b7limitat als Grands Buffets. Reserva a trav\u00e9s del teu compte personal al lloc web.\" \/>\n<meta property=\"og:url\" content=\"https:\/\/www.lesgrandsbuffets.com\/ca\/faq\/reserva-per-als-apats-de-vacances-de-final-dany\/\" \/>\n<meta property=\"og:site_name\" content=\"Les Grands Buffets\" \/>\n<meta property=\"article:modified_time\" content=\"2025-09-22T09:45:20+00:00\" \/>\n<meta name=\"twitter:card\" content=\"summary_large_image\" \/>\n<meta name=\"twitter:label1\" content=\"Temps estimat de lectura\" \/>\n\t<meta name=\"twitter:data1\" content=\"1 minut\" \/>\n<script type=\"application\/ld+json\" class=\"yoast-schema-graph\">{\"@context\":\"https:\\\/\\\/schema.org\",\"@graph\":[{\"@type\":\"WebPage\",\"@id\":\"https:\\\/\\\/www.lesgrandsbuffets.com\\\/ca\\\/faq\\\/reserva-per-als-apats-de-vacances-de-final-dany\\\/\",\"url\":\"https:\\\/\\\/www.lesgrandsbuffets.com\\\/ca\\\/faq\\\/reserva-per-als-apats-de-vacances-de-final-dany\\\/\",\"name\":\"\u00c0pats de Nadal als Grands Buffets: Reserva la teva taula\",\"isPartOf\":{\"@id\":\"https:\\\/\\\/www.lesgrandsbuffets.com\\\/ca\\\/#website\"},\"datePublished\":\"2024-05-02T12:33:34+00:00\",\"dateModified\":\"2025-09-22T09:45:20+00:00\",\"description\":\"Cap d'Any i dinars festius amb un bufet prestigi\u00f3s i xampany il\u00b7limitat als Grands Buffets. Reserva a trav\u00e9s del teu compte personal al lloc web.\",\"breadcrumb\":{\"@id\":\"https:\\\/\\\/www.lesgrandsbuffets.com\\\/ca\\\/faq\\\/reserva-per-als-apats-de-vacances-de-final-dany\\\/#breadcrumb\"},\"inLanguage\":\"ca\",\"potentialAction\":[{\"@type\":\"ReadAction\",\"target\":[\"https:\\\/\\\/www.lesgrandsbuffets.com\\\/ca\\\/faq\\\/reserva-per-als-apats-de-vacances-de-final-dany\\\/\"]}]},{\"@type\":\"BreadcrumbList\",\"@id\":\"https:\\\/\\\/www.lesgrandsbuffets.com\\\/ca\\\/faq\\\/reserva-per-als-apats-de-vacances-de-final-dany\\\/#breadcrumb\",\"itemListElement\":[{\"@type\":\"ListItem\",\"position\":1,\"name\":\"Accueil\",\"item\":\"https:\\\/\\\/www.lesgrandsbuffets.com\\\/ca\\\/\"},{\"@type\":\"ListItem\",\"position\":2,\"name\":\"Reserva per als \u00e0pats de vacances de final d&rsquo;any\"}]},{\"@type\":\"WebSite\",\"@id\":\"https:\\\/\\\/www.lesgrandsbuffets.com\\\/ca\\\/#website\",\"url\":\"https:\\\/\\\/www.lesgrandsbuffets.com\\\/ca\\\/\",\"name\":\"Les Grands Buffets\",\"description\":\"Maison fond\u00e9e en 1989\",\"publisher\":{\"@id\":\"https:\\\/\\\/www.lesgrandsbuffets.com\\\/ca\\\/#organization\"},\"potentialAction\":[{\"@type\":\"SearchAction\",\"target\":{\"@type\":\"EntryPoint\",\"urlTemplate\":\"https:\\\/\\\/www.lesgrandsbuffets.com\\\/ca\\\/?s={search_term_string}\"},\"query-input\":{\"@type\":\"PropertyValueSpecification\",\"valueRequired\":true,\"valueName\":\"search_term_string\"}}],\"inLanguage\":\"ca\"},{\"@type\":\"Organization\",\"@id\":\"https:\\\/\\\/www.lesgrandsbuffets.com\\\/ca\\\/#organization\",\"name\":\"Les Grands Buffets\",\"url\":\"https:\\\/\\\/www.lesgrandsbuffets.com\\\/ca\\\/\",\"logo\":{\"@type\":\"ImageObject\",\"inLanguage\":\"ca\",\"@id\":\"https:\\\/\\\/www.lesgrandsbuffets.com\\\/ca\\\/#\\\/schema\\\/logo\\\/image\\\/\",\"url\":\"https:\\\/\\\/www.lesgrandsbuffets.com\\\/wp-content\\\/uploads\\\/2025\\\/08\\\/LOGO-GB-2205-BLANC-LGB-favicon-BG.png\",\"contentUrl\":\"https:\\\/\\\/www.lesgrandsbuffets.com\\\/wp-content\\\/uploads\\\/2025\\\/08\\\/LOGO-GB-2205-BLANC-LGB-favicon-BG.png\",\"width\":512,\"height\":512,\"caption\":\"Les Grands Buffets\"},\"image\":{\"@id\":\"https:\\\/\\\/www.lesgrandsbuffets.com\\\/ca\\\/#\\\/schema\\\/logo\\\/image\\\/\"}}]}<\/script>\n<!-- \/ Yoast SEO plugin. -->","yoast_head_json":{"title":"\u00c0pats de Nadal als Grands Buffets: Reserva la teva taula","description":"Cap d'Any i dinars festius amb un bufet prestigi\u00f3s i xampany il\u00b7limitat als Grands Buffets. Reserva a trav\u00e9s del teu compte personal al lloc web.","robots":{"index":"index","follow":"follow","max-snippet":"max-snippet:-1","max-image-preview":"max-image-preview:large","max-video-preview":"max-video-preview:-1"},"canonical":"https:\/\/www.lesgrandsbuffets.com\/ca\/faq\/reserva-per-als-apats-de-vacances-de-final-dany\/","og_locale":"ca_ES","og_type":"article","og_title":"\u00c0pats de Nadal als Grands Buffets: Reserva la teva taula","og_description":"Cap d'Any i dinars festius amb un bufet prestigi\u00f3s i xampany il\u00b7limitat als Grands Buffets. Reserva a trav\u00e9s del teu compte personal al lloc web.","og_url":"https:\/\/www.lesgrandsbuffets.com\/ca\/faq\/reserva-per-als-apats-de-vacances-de-final-dany\/","og_site_name":"Les Grands Buffets","article_modified_time":"2025-09-22T09:45:20+00:00","twitter_card":"summary_large_image","twitter_misc":{"Temps estimat de lectura":"1 minut"},"schema":{"@context":"https:\/\/schema.org","@graph":[{"@type":"WebPage","@id":"https:\/\/www.lesgrandsbuffets.com\/ca\/faq\/reserva-per-als-apats-de-vacances-de-final-dany\/","url":"https:\/\/www.lesgrandsbuffets.com\/ca\/faq\/reserva-per-als-apats-de-vacances-de-final-dany\/","name":"\u00c0pats de Nadal als Grands Buffets: Reserva la teva taula","isPartOf":{"@id":"https:\/\/www.lesgrandsbuffets.com\/ca\/#website"},"datePublished":"2024-05-02T12:33:34+00:00","dateModified":"2025-09-22T09:45:20+00:00","description":"Cap d'Any i dinars festius amb un bufet prestigi\u00f3s i xampany il\u00b7limitat als Grands Buffets. Reserva a trav\u00e9s del teu compte personal al lloc web.","breadcrumb":{"@id":"https:\/\/www.lesgrandsbuffets.com\/ca\/faq\/reserva-per-als-apats-de-vacances-de-final-dany\/#breadcrumb"},"inLanguage":"ca","potentialAction":[{"@type":"ReadAction","target":["https:\/\/www.lesgrandsbuffets.com\/ca\/faq\/reserva-per-als-apats-de-vacances-de-final-dany\/"]}]},{"@type":"BreadcrumbList","@id":"https:\/\/www.lesgrandsbuffets.com\/ca\/faq\/reserva-per-als-apats-de-vacances-de-final-dany\/#breadcrumb","itemListElement":[{"@type":"ListItem","position":1,"name":"Accueil","item":"https:\/\/www.lesgrandsbuffets.com\/ca\/"},{"@type":"ListItem","position":2,"name":"Reserva per als \u00e0pats de vacances de final d&rsquo;any"}]},{"@type":"WebSite","@id":"https:\/\/www.lesgrandsbuffets.com\/ca\/#website","url":"https:\/\/www.lesgrandsbuffets.com\/ca\/","name":"Les Grands Buffets","description":"Maison fond\u00e9e en 1989","publisher":{"@id":"https:\/\/www.lesgrandsbuffets.com\/ca\/#organization"},"potentialAction":[{"@type":"SearchAction","target":{"@type":"EntryPoint","urlTemplate":"https:\/\/www.lesgrandsbuffets.com\/ca\/?s={search_term_string}"},"query-input":{"@type":"PropertyValueSpecification","valueRequired":true,"valueName":"search_term_string"}}],"inLanguage":"ca"},{"@type":"Organization","@id":"https:\/\/www.lesgrandsbuffets.com\/ca\/#organization","name":"Les Grands Buffets","url":"https:\/\/www.lesgrandsbuffets.com\/ca\/","logo":{"@type":"ImageObject","inLanguage":"ca","@id":"https:\/\/www.lesgrandsbuffets.com\/ca\/#\/schema\/logo\/image\/","url":"https:\/\/www.lesgrandsbuffets.com\/wp-content\/uploads\/2025\/08\/LOGO-GB-2205-BLANC-LGB-favicon-BG.png","contentUrl":"https:\/\/www.lesgrandsbuffets.com\/wp-content\/uploads\/2025\/08\/LOGO-GB-2205-BLANC-LGB-favicon-BG.png","width":512,"height":512,"caption":"Les Grands Buffets"},"image":{"@id":"https:\/\/www.lesgrandsbuffets.com\/ca\/#\/schema\/logo\/image\/"}}]}},"_links":{"self":[{"href":"https:\/\/www.lesgrandsbuffets.com\/ca\/wp-json\/wp\/v2\/faq\/8194","targetHints":{"allow":["GET"]}}],"collection":[{"href":"https:\/\/www.lesgrandsbuffets.com\/ca\/wp-json\/wp\/v2\/faq"}],"about":[{"href":"https:\/\/www.lesgrandsbuffets.com\/ca\/wp-json\/wp\/v2\/types\/faq"}],"wp:attachment":[{"href":"https:\/\/www.lesgrandsbuffets.com\/ca\/wp-json\/wp\/v2\/media?parent=8194"}],"wp:term":[{"taxonomy":"categorie-faq","embeddable":true,"href":"https:\/\/www.lesgrandsbuffets.com\/ca\/wp-json\/wp\/v2\/categorie-faq?post=8194"}],"curies":[{"name":"wp","href":"https:\/\/api.w.org\/{rel}","templated":true}]}}

Reserva per als àpats de vacances de final d&#8217;any

<p>Les Grands Buffets organitza <strong>quatre àpats de Nadal amb xampany per a finals d&#8217;any.</strong> Les reserves específiques per a aquests quatre àpats de Nadal s&#8217;obren cada any durant l&#8217;últim trimestre.</p>
<p>4 àpats de vacances amb bufet de prestigi, xampany il·limitat i vins de qualitat:</p>
<ul>
<li>Nit de Nadal el 24/12</li>
<li>Dinar de Nadal el 25/12</li>
<li>Cap d&#8217;Any el 31 de desembre</li>
<li>Dinar de Cap d&#8217;Any</li>
</ul>
<p>Les reserves per a aquests àpats de festa de final d&#8217;any es fan exclusivament a través del vostre compte personal <a href="https://moncompte.lesgrandsbuffets.com/ca/login">EL MEU COMPTE</a> o mitjançant el botó de<strong> reserva en línia </strong>que es troba a la part inferior de la pàgina del lloc web de Grands Buffets.</p>
<p>Quan les reserves per als àpats de vacances estan obertes, apareixen a la pàgina de reserves de Grand Buffets.</p>

<!-- This site is optimized with the Yoast SEO plugin v27.4 - https://yoast.com/product/yoast-seo-wordpress/ -->
<title>Àpats de Nadal als Grands Buffets: Reserva la teva taula</title>
<meta name="description" content="Cap d&#039;Any i dinars festius amb un bufet prestigiós i xampany il·limitat als Grands Buffets. Reserva a través del teu compte personal al lloc web." />
<meta name="robots" content="index, follow, max-snippet:-1, max-image-preview:large, max-video-preview:-1" />
<link rel="canonical" href="https://www.lesgrandsbuffets.com/ca/faq/reserva-per-als-apats-de-vacances-de-final-dany/" />
<meta property="og:locale" content="ca_ES" />
<meta property="og:type" content="article" />
<meta property="og:title" content="Àpats de Nadal als Grands Buffets: Reserva la teva taula" />
<meta property="og:description" content="Cap d&#039;Any i dinars festius amb un bufet prestigiós i xampany il·limitat als Grands Buffets. Reserva a través del teu compte personal al lloc web." />
<meta property="og:url" content="https://www.lesgrandsbuffets.com/ca/faq/reserva-per-als-apats-de-vacances-de-final-dany/" />
<meta property="og:site_name" content="Les Grands Buffets" />
<meta property="article:modified_time" content="2025-09-22T09:45:20+00:00" />
<meta name="twitter:card" content="summary_large_image" />
<meta name="twitter:label1" content="Temps estimat de lectura" />
	<meta name="twitter:data1" content="1 minut" />
<script type="application/ld+json" class="yoast-schema-graph">{"@context":"https:\/\/schema.org","@graph":[{"@type":"WebPage","@id":"https:\/\/www.lesgrandsbuffets.com\/ca\/faq\/reserva-per-als-apats-de-vacances-de-final-dany\/","url":"https:\/\/www.lesgrandsbuffets.com\/ca\/faq\/reserva-per-als-apats-de-vacances-de-final-dany\/","name":"Àpats de Nadal als Grands Buffets: Reserva la teva taula","isPartOf":{"@id":"https:\/\/www.lesgrandsbuffets.com\/ca\/#website"},"datePublished":"2024-05-02T12:33:34+00:00","dateModified":"2025-09-22T09:45:20+00:00","description":"Cap d'Any i dinars festius amb un bufet prestigiós i xampany il·limitat als Grands Buffets. Reserva a través del teu compte personal al lloc web.","breadcrumb":{"@id":"https:\/\/www.lesgrandsbuffets.com\/ca\/faq\/reserva-per-als-apats-de-vacances-de-final-dany\/#breadcrumb"},"inLanguage":"ca","potentialAction":[{"@type":"ReadAction","target":["https:\/\/www.lesgrandsbuffets.com\/ca\/faq\/reserva-per-als-apats-de-vacances-de-final-dany\/"]}]},{"@type":"BreadcrumbList","@id":"https:\/\/www.lesgrandsbuffets.com\/ca\/faq\/reserva-per-als-apats-de-vacances-de-final-dany\/#breadcrumb","itemListElement":[{"@type":"ListItem","position":1,"name":"Accueil","item":"https:\/\/www.lesgrandsbuffets.com\/ca\/"},{"@type":"ListItem","position":2,"name":"Reserva per als àpats de vacances de final d&rsquo;any"}]},{"@type":"WebSite","@id":"https:\/\/www.lesgrandsbuffets.com\/ca\/#website","url":"https:\/\/www.lesgrandsbuffets.com\/ca\/","name":"Les Grands Buffets","description":"Maison fondée en 1989","publisher":{"@id":"https:\/\/www.lesgrandsbuffets.com\/ca\/#organization"},"potentialAction":[{"@type":"SearchAction","target":{"@type":"EntryPoint","urlTemplate":"https:\/\/www.lesgrandsbuffets.com\/ca\/?s={search_term_string}"},"query-input":{"@type":"PropertyValueSpecification","valueRequired":true,"valueName":"search_term_string"}}],"inLanguage":"ca"},{"@type":"Organization","@id":"https:\/\/www.lesgrandsbuffets.com\/ca\/#organization","name":"Les Grands Buffets","url":"https:\/\/www.lesgrandsbuffets.com\/ca\/","logo":{"@type":"ImageObject","inLanguage":"ca","@id":"https:\/\/www.lesgrandsbuffets.com\/ca\/#\/schema\/logo\/image\/","url":"https:\/\/www.lesgrandsbuffets.com\/wp-content\/uploads\/2025\/08\/LOGO-GB-2205-BLANC-LGB-favicon-BG.png","contentUrl":"https:\/\/www.lesgrandsbuffets.com\/wp-content\/uploads\/2025\/08\/LOGO-GB-2205-BLANC-LGB-favicon-BG.png","width":512,"height":512,"caption":"Les Grands Buffets"},"image":{"@id":"https:\/\/www.lesgrandsbuffets.com\/ca\/#\/schema\/logo\/image\/"}}]}</script>
<!-- / Yoast SEO plugin. -->

Àpats de Nadal als Grands Buffets: Reserva la teva taula

Cap d'Any i dinars festius amb un bufet prestigiós i xampany il·limitat als Grands Buffets. Reserva a través del teu compte personal al lloc web.

Reserva per als àpats de vacances de final d&rsquo;any

Maison fondée en 1989
