{"id":7759,"date":"2024-05-02T12:33:16","date_gmt":"2024-05-02T12:33:16","guid":{"rendered":"https:\/\/www.lesgrandsbuffets.com\/?post_type=faq&#038;p=7759"},"modified":"2025-11-10T15:28:28","modified_gmt":"2025-11-10T15:28:28","slug":"reservar-en-el-jardin","status":"publish","type":"faq","link":"https:\/\/www.lesgrandsbuffets.com\/es\/faq\/reservar-en-el-jardin\/","title":{"rendered":"Reservar en el jardin"},"content":{"rendered":"<p>El jard\u00edn Herv\u00e9 di Rosa est\u00e1 abierto todos los a\u00f1os del 15 de abril al 15 de octubre.<\/p>\n<p>Estas fechas pueden adelantarse o retrasarse ligeramente en funci\u00f3n de las condiciones meteorol\u00f3gicas del momento. Las reservas para el Jard\u00edn Herv\u00e9 di Rosa abren en el mes de marzo.<\/p>\n","protected":false},"parent":0,"template":"","meta":{"_acf_changed":false,"_et_pb_use_builder":"","_et_pb_old_content":"","_et_gb_content_width":""},"categorie-faq":[46,55],"class_list":["post-7759","faq","type-faq","status-publish","hentry","categorie-faq-reservas-partir-octubre-2025","categorie-faq-reservas-hasta-30-septiembre-2025"],"acf":[],"yoast_head":"<!-- This site is optimized with the Yoast SEO plugin v27.4 - https:\/\/yoast.com\/product\/yoast-seo-wordpress\/ -->\n<title>Reservas en el jard\u00edn de Les Grands Buffets<\/title>\n<meta name=\"description\" content=\"El jard\u00edn de Les Grands Buffets abre de abril a octubre. Las reservas para esta terraza sombreada se abren cada marzo seg\u00fan el clima.\" \/>\n<meta name=\"robots\" content=\"index, follow, max-snippet:-1, max-image-preview:large, max-video-preview:-1\" \/>\n<link rel=\"canonical\" href=\"https:\/\/www.lesgrandsbuffets.com\/es\/faq\/reservar-en-el-jardin\/\" \/>\n<meta property=\"og:locale\" content=\"es_ES\" \/>\n<meta property=\"og:type\" content=\"article\" \/>\n<meta property=\"og:title\" content=\"Reservas en el jard\u00edn de Les Grands Buffets\" \/>\n<meta property=\"og:description\" content=\"El jard\u00edn de Les Grands Buffets abre de abril a octubre. Las reservas para esta terraza sombreada se abren cada marzo seg\u00fan el clima.\" \/>\n<meta property=\"og:url\" content=\"https:\/\/www.lesgrandsbuffets.com\/es\/faq\/reservar-en-el-jardin\/\" \/>\n<meta property=\"og:site_name\" content=\"Les Grands Buffets\" \/>\n<meta property=\"article:modified_time\" content=\"2025-11-10T15:28:28+00:00\" \/>\n<meta name=\"twitter:card\" content=\"summary_large_image\" \/>\n<meta name=\"twitter:label1\" content=\"Tiempo de lectura\" \/>\n\t<meta name=\"twitter:data1\" content=\"1 minuto\" \/>\n<script type=\"application\/ld+json\" class=\"yoast-schema-graph\">{\"@context\":\"https:\\\/\\\/schema.org\",\"@graph\":[{\"@type\":\"WebPage\",\"@id\":\"https:\\\/\\\/www.lesgrandsbuffets.com\\\/es\\\/faq\\\/reservar-en-el-jardin\\\/\",\"url\":\"https:\\\/\\\/www.lesgrandsbuffets.com\\\/es\\\/faq\\\/reservar-en-el-jardin\\\/\",\"name\":\"Reservas en el jard\u00edn de Les Grands Buffets\",\"isPartOf\":{\"@id\":\"https:\\\/\\\/www.lesgrandsbuffets.com\\\/es\\\/#website\"},\"datePublished\":\"2024-05-02T12:33:16+00:00\",\"dateModified\":\"2025-11-10T15:28:28+00:00\",\"description\":\"El jard\u00edn de Les Grands Buffets abre de abril a octubre. Las reservas para esta terraza sombreada se abren cada marzo seg\u00fan el clima.\",\"breadcrumb\":{\"@id\":\"https:\\\/\\\/www.lesgrandsbuffets.com\\\/es\\\/faq\\\/reservar-en-el-jardin\\\/#breadcrumb\"},\"inLanguage\":\"es\",\"potentialAction\":[{\"@type\":\"ReadAction\",\"target\":[\"https:\\\/\\\/www.lesgrandsbuffets.com\\\/es\\\/faq\\\/reservar-en-el-jardin\\\/\"]}]},{\"@type\":\"BreadcrumbList\",\"@id\":\"https:\\\/\\\/www.lesgrandsbuffets.com\\\/es\\\/faq\\\/reservar-en-el-jardin\\\/#breadcrumb\",\"itemListElement\":[{\"@type\":\"ListItem\",\"position\":1,\"name\":\"Accueil\",\"item\":\"https:\\\/\\\/www.lesgrandsbuffets.com\\\/es\\\/\"},{\"@type\":\"ListItem\",\"position\":2,\"name\":\"Reservar en el jardin\"}]},{\"@type\":\"WebSite\",\"@id\":\"https:\\\/\\\/www.lesgrandsbuffets.com\\\/es\\\/#website\",\"url\":\"https:\\\/\\\/www.lesgrandsbuffets.com\\\/es\\\/\",\"name\":\"Les Grands Buffets\",\"description\":\"Maison fond\u00e9e en 1989\",\"publisher\":{\"@id\":\"https:\\\/\\\/www.lesgrandsbuffets.com\\\/es\\\/#organization\"},\"potentialAction\":[{\"@type\":\"SearchAction\",\"target\":{\"@type\":\"EntryPoint\",\"urlTemplate\":\"https:\\\/\\\/www.lesgrandsbuffets.com\\\/es\\\/?s={search_term_string}\"},\"query-input\":{\"@type\":\"PropertyValueSpecification\",\"valueRequired\":true,\"valueName\":\"search_term_string\"}}],\"inLanguage\":\"es\"},{\"@type\":\"Organization\",\"@id\":\"https:\\\/\\\/www.lesgrandsbuffets.com\\\/es\\\/#organization\",\"name\":\"Les Grands Buffets\",\"url\":\"https:\\\/\\\/www.lesgrandsbuffets.com\\\/es\\\/\",\"logo\":{\"@type\":\"ImageObject\",\"inLanguage\":\"es\",\"@id\":\"https:\\\/\\\/www.lesgrandsbuffets.com\\\/es\\\/#\\\/schema\\\/logo\\\/image\\\/\",\"url\":\"https:\\\/\\\/www.lesgrandsbuffets.com\\\/wp-content\\\/uploads\\\/2025\\\/08\\\/LOGO-GB-2205-BLANC-LGB-favicon-BG.png\",\"contentUrl\":\"https:\\\/\\\/www.lesgrandsbuffets.com\\\/wp-content\\\/uploads\\\/2025\\\/08\\\/LOGO-GB-2205-BLANC-LGB-favicon-BG.png\",\"width\":512,\"height\":512,\"caption\":\"Les Grands Buffets\"},\"image\":{\"@id\":\"https:\\\/\\\/www.lesgrandsbuffets.com\\\/es\\\/#\\\/schema\\\/logo\\\/image\\\/\"}}]}<\/script>\n<!-- \/ Yoast SEO plugin. -->","yoast_head_json":{"title":"Reservas en el jard\u00edn de Les Grands Buffets","description":"El jard\u00edn de Les Grands Buffets abre de abril a octubre. Las reservas para esta terraza sombreada se abren cada marzo seg\u00fan el clima.","robots":{"index":"index","follow":"follow","max-snippet":"max-snippet:-1","max-image-preview":"max-image-preview:large","max-video-preview":"max-video-preview:-1"},"canonical":"https:\/\/www.lesgrandsbuffets.com\/es\/faq\/reservar-en-el-jardin\/","og_locale":"es_ES","og_type":"article","og_title":"Reservas en el jard\u00edn de Les Grands Buffets","og_description":"El jard\u00edn de Les Grands Buffets abre de abril a octubre. Las reservas para esta terraza sombreada se abren cada marzo seg\u00fan el clima.","og_url":"https:\/\/www.lesgrandsbuffets.com\/es\/faq\/reservar-en-el-jardin\/","og_site_name":"Les Grands Buffets","article_modified_time":"2025-11-10T15:28:28+00:00","twitter_card":"summary_large_image","twitter_misc":{"Tiempo de lectura":"1 minuto"},"schema":{"@context":"https:\/\/schema.org","@graph":[{"@type":"WebPage","@id":"https:\/\/www.lesgrandsbuffets.com\/es\/faq\/reservar-en-el-jardin\/","url":"https:\/\/www.lesgrandsbuffets.com\/es\/faq\/reservar-en-el-jardin\/","name":"Reservas en el jard\u00edn de Les Grands Buffets","isPartOf":{"@id":"https:\/\/www.lesgrandsbuffets.com\/es\/#website"},"datePublished":"2024-05-02T12:33:16+00:00","dateModified":"2025-11-10T15:28:28+00:00","description":"El jard\u00edn de Les Grands Buffets abre de abril a octubre. Las reservas para esta terraza sombreada se abren cada marzo seg\u00fan el clima.","breadcrumb":{"@id":"https:\/\/www.lesgrandsbuffets.com\/es\/faq\/reservar-en-el-jardin\/#breadcrumb"},"inLanguage":"es","potentialAction":[{"@type":"ReadAction","target":["https:\/\/www.lesgrandsbuffets.com\/es\/faq\/reservar-en-el-jardin\/"]}]},{"@type":"BreadcrumbList","@id":"https:\/\/www.lesgrandsbuffets.com\/es\/faq\/reservar-en-el-jardin\/#breadcrumb","itemListElement":[{"@type":"ListItem","position":1,"name":"Accueil","item":"https:\/\/www.lesgrandsbuffets.com\/es\/"},{"@type":"ListItem","position":2,"name":"Reservar en el jardin"}]},{"@type":"WebSite","@id":"https:\/\/www.lesgrandsbuffets.com\/es\/#website","url":"https:\/\/www.lesgrandsbuffets.com\/es\/","name":"Les Grands Buffets","description":"Maison fond\u00e9e en 1989","publisher":{"@id":"https:\/\/www.lesgrandsbuffets.com\/es\/#organization"},"potentialAction":[{"@type":"SearchAction","target":{"@type":"EntryPoint","urlTemplate":"https:\/\/www.lesgrandsbuffets.com\/es\/?s={search_term_string}"},"query-input":{"@type":"PropertyValueSpecification","valueRequired":true,"valueName":"search_term_string"}}],"inLanguage":"es"},{"@type":"Organization","@id":"https:\/\/www.lesgrandsbuffets.com\/es\/#organization","name":"Les Grands Buffets","url":"https:\/\/www.lesgrandsbuffets.com\/es\/","logo":{"@type":"ImageObject","inLanguage":"es","@id":"https:\/\/www.lesgrandsbuffets.com\/es\/#\/schema\/logo\/image\/","url":"https:\/\/www.lesgrandsbuffets.com\/wp-content\/uploads\/2025\/08\/LOGO-GB-2205-BLANC-LGB-favicon-BG.png","contentUrl":"https:\/\/www.lesgrandsbuffets.com\/wp-content\/uploads\/2025\/08\/LOGO-GB-2205-BLANC-LGB-favicon-BG.png","width":512,"height":512,"caption":"Les Grands Buffets"},"image":{"@id":"https:\/\/www.lesgrandsbuffets.com\/es\/#\/schema\/logo\/image\/"}}]}},"_links":{"self":[{"href":"https:\/\/www.lesgrandsbuffets.com\/es\/wp-json\/wp\/v2\/faq\/7759","targetHints":{"allow":["GET"]}}],"collection":[{"href":"https:\/\/www.lesgrandsbuffets.com\/es\/wp-json\/wp\/v2\/faq"}],"about":[{"href":"https:\/\/www.lesgrandsbuffets.com\/es\/wp-json\/wp\/v2\/types\/faq"}],"wp:attachment":[{"href":"https:\/\/www.lesgrandsbuffets.com\/es\/wp-json\/wp\/v2\/media?parent=7759"}],"wp:term":[{"taxonomy":"categorie-faq","embeddable":true,"href":"https:\/\/www.lesgrandsbuffets.com\/es\/wp-json\/wp\/v2\/categorie-faq?post=7759"}],"curies":[{"name":"wp","href":"https:\/\/api.w.org\/{rel}","templated":true}]}}

<p>El jardín Hervé di Rosa está abierto todos los años del 15 de abril al 15 de octubre.</p>
<p>Estas fechas pueden adelantarse o retrasarse ligeramente en función de las condiciones meteorológicas del momento. Las reservas para el Jardín Hervé di Rosa abren en el mes de marzo.</p>

<!-- This site is optimized with the Yoast SEO plugin v27.4 - https://yoast.com/product/yoast-seo-wordpress/ -->
<title>Reservas en el jardín de Les Grands Buffets</title>
<meta name="description" content="El jardín de Les Grands Buffets abre de abril a octubre. Las reservas para esta terraza sombreada se abren cada marzo según el clima." />
<meta name="robots" content="index, follow, max-snippet:-1, max-image-preview:large, max-video-preview:-1" />
<link rel="canonical" href="https://www.lesgrandsbuffets.com/es/faq/reservar-en-el-jardin/" />
<meta property="og:locale" content="es_ES" />
<meta property="og:type" content="article" />
<meta property="og:title" content="Reservas en el jardín de Les Grands Buffets" />
<meta property="og:description" content="El jardín de Les Grands Buffets abre de abril a octubre. Las reservas para esta terraza sombreada se abren cada marzo según el clima." />
<meta property="og:url" content="https://www.lesgrandsbuffets.com/es/faq/reservar-en-el-jardin/" />
<meta property="og:site_name" content="Les Grands Buffets" />
<meta property="article:modified_time" content="2025-11-10T15:28:28+00:00" />
<meta name="twitter:card" content="summary_large_image" />
<meta name="twitter:label1" content="Tiempo de lectura" />
	<meta name="twitter:data1" content="1 minuto" />
<script type="application/ld+json" class="yoast-schema-graph">{"@context":"https:\/\/schema.org","@graph":[{"@type":"WebPage","@id":"https:\/\/www.lesgrandsbuffets.com\/es\/faq\/reservar-en-el-jardin\/","url":"https:\/\/www.lesgrandsbuffets.com\/es\/faq\/reservar-en-el-jardin\/","name":"Reservas en el jardín de Les Grands Buffets","isPartOf":{"@id":"https:\/\/www.lesgrandsbuffets.com\/es\/#website"},"datePublished":"2024-05-02T12:33:16+00:00","dateModified":"2025-11-10T15:28:28+00:00","description":"El jardín de Les Grands Buffets abre de abril a octubre. Las reservas para esta terraza sombreada se abren cada marzo según el clima.","breadcrumb":{"@id":"https:\/\/www.lesgrandsbuffets.com\/es\/faq\/reservar-en-el-jardin\/#breadcrumb"},"inLanguage":"es","potentialAction":[{"@type":"ReadAction","target":["https:\/\/www.lesgrandsbuffets.com\/es\/faq\/reservar-en-el-jardin\/"]}]},{"@type":"BreadcrumbList","@id":"https:\/\/www.lesgrandsbuffets.com\/es\/faq\/reservar-en-el-jardin\/#breadcrumb","itemListElement":[{"@type":"ListItem","position":1,"name":"Accueil","item":"https:\/\/www.lesgrandsbuffets.com\/es\/"},{"@type":"ListItem","position":2,"name":"Reservar en el jardin"}]},{"@type":"WebSite","@id":"https:\/\/www.lesgrandsbuffets.com\/es\/#website","url":"https:\/\/www.lesgrandsbuffets.com\/es\/","name":"Les Grands Buffets","description":"Maison fondée en 1989","publisher":{"@id":"https:\/\/www.lesgrandsbuffets.com\/es\/#organization"},"potentialAction":[{"@type":"SearchAction","target":{"@type":"EntryPoint","urlTemplate":"https:\/\/www.lesgrandsbuffets.com\/es\/?s={search_term_string}"},"query-input":{"@type":"PropertyValueSpecification","valueRequired":true,"valueName":"search_term_string"}}],"inLanguage":"es"},{"@type":"Organization","@id":"https:\/\/www.lesgrandsbuffets.com\/es\/#organization","name":"Les Grands Buffets","url":"https:\/\/www.lesgrandsbuffets.com\/es\/","logo":{"@type":"ImageObject","inLanguage":"es","@id":"https:\/\/www.lesgrandsbuffets.com\/es\/#\/schema\/logo\/image\/","url":"https:\/\/www.lesgrandsbuffets.com\/wp-content\/uploads\/2025\/08\/LOGO-GB-2205-BLANC-LGB-favicon-BG.png","contentUrl":"https:\/\/www.lesgrandsbuffets.com\/wp-content\/uploads\/2025\/08\/LOGO-GB-2205-BLANC-LGB-favicon-BG.png","width":512,"height":512,"caption":"Les Grands Buffets"},"image":{"@id":"https:\/\/www.lesgrandsbuffets.com\/es\/#\/schema\/logo\/image\/"}}]}</script>
<!-- / Yoast SEO plugin. -->

Reservas en el jardín de Les Grands Buffets

El jardín de Les Grands Buffets abre de abril a octubre. Las reservas para esta terraza sombreada se abren cada marzo según el clima.

Maison fondée en 1989
