{"id":2080,"date":"2024-05-02T12:33:16","date_gmt":"2024-05-02T12:33:16","guid":{"rendered":"https:\/\/lgb.attraptemps.dev\/?post_type=faq&#038;p=2080"},"modified":"2025-07-22T10:03:52","modified_gmt":"2025-07-22T10:03:52","slug":"reserver-dans-les-jardins","status":"publish","type":"faq","link":"https:\/\/www.lesgrandsbuffets.com\/fr\/faq\/reserver-dans-les-jardins\/","title":{"rendered":"R\u00e9server dans les Jardins"},"content":{"rendered":"<p><span style=\"font-weight: 400;\">Le Jardin Herv\u00e9 di Rosa est ouvert chaque ann\u00e9e du 15 avril au 15 octobre. Ces dates peuvent \u00eatre l\u00e9g\u00e8rement avanc\u00e9es ou recul\u00e9es en fonction des conditions m\u00e9t\u00e9orologiques du moment.<\/span><\/p>\n<p><span style=\"font-weight: 400;\">Les r\u00e9servations pour le Jardin Herv\u00e9 di Rosa ouvrent au mois de mars.<\/span><\/p>\n","protected":false},"parent":0,"template":"","meta":{"_acf_changed":false,"_et_pb_use_builder":"","_et_pb_old_content":"","_et_gb_content_width":""},"categorie-faq":[10,41],"class_list":["post-2080","faq","type-faq","status-publish","hentry","categorie-faq-reservations","categorie-faq-reservations-jusquau-30-septembre-2025"],"acf":[],"yoast_head":"<!-- This site is optimized with the Yoast SEO plugin v27.4 - https:\/\/yoast.com\/product\/yoast-seo-wordpress\/ -->\n<title>R\u00e9servation dans le jardin des Grands Buffets<\/title>\n<meta name=\"description\" content=\"Le Jardin des grands Buffets est ouvert d\u2019avril \u00e0 octobre. Les r\u00e9servations pour cette terrasse ombrag\u00e9e ouvrent chaque ann\u00e9e en mars selon la m\u00e9t\u00e9o.\" \/>\n<meta name=\"robots\" content=\"index, follow, max-snippet:-1, max-image-preview:large, max-video-preview:-1\" \/>\n<link rel=\"canonical\" href=\"https:\/\/www.lesgrandsbuffets.com\/fr\/faq\/reserver-dans-les-jardins\/\" \/>\n<meta property=\"og:locale\" content=\"fr_FR\" \/>\n<meta property=\"og:type\" content=\"article\" \/>\n<meta property=\"og:title\" content=\"R\u00e9servation dans le jardin des Grands Buffets\" \/>\n<meta property=\"og:description\" content=\"Le Jardin des grands Buffets est ouvert d\u2019avril \u00e0 octobre. Les r\u00e9servations pour cette terrasse ombrag\u00e9e ouvrent chaque ann\u00e9e en mars selon la m\u00e9t\u00e9o.\" \/>\n<meta property=\"og:url\" content=\"https:\/\/www.lesgrandsbuffets.com\/fr\/faq\/reserver-dans-les-jardins\/\" \/>\n<meta property=\"og:site_name\" content=\"Les Grands Buffets\" \/>\n<meta property=\"article:modified_time\" content=\"2025-07-22T10:03:52+00:00\" \/>\n<meta name=\"twitter:card\" content=\"summary_large_image\" \/>\n<meta name=\"twitter:label1\" content=\"Dur\u00e9e de lecture estim\u00e9e\" \/>\n\t<meta name=\"twitter:data1\" content=\"1 minute\" \/>\n<script type=\"application\/ld+json\" class=\"yoast-schema-graph\">{\"@context\":\"https:\\\/\\\/schema.org\",\"@graph\":[{\"@type\":\"WebPage\",\"@id\":\"https:\\\/\\\/www.lesgrandsbuffets.com\\\/fr\\\/faq\\\/reserver-dans-les-jardins\\\/\",\"url\":\"https:\\\/\\\/www.lesgrandsbuffets.com\\\/fr\\\/faq\\\/reserver-dans-les-jardins\\\/\",\"name\":\"R\u00e9servation dans le jardin des Grands Buffets\",\"isPartOf\":{\"@id\":\"https:\\\/\\\/www.lesgrandsbuffets.com\\\/fr\\\/#website\"},\"datePublished\":\"2024-05-02T12:33:16+00:00\",\"dateModified\":\"2025-07-22T10:03:52+00:00\",\"description\":\"Le Jardin des grands Buffets est ouvert d\u2019avril \u00e0 octobre. Les r\u00e9servations pour cette terrasse ombrag\u00e9e ouvrent chaque ann\u00e9e en mars selon la m\u00e9t\u00e9o.\",\"breadcrumb\":{\"@id\":\"https:\\\/\\\/www.lesgrandsbuffets.com\\\/fr\\\/faq\\\/reserver-dans-les-jardins\\\/#breadcrumb\"},\"inLanguage\":\"fr-FR\",\"potentialAction\":[{\"@type\":\"ReadAction\",\"target\":[\"https:\\\/\\\/www.lesgrandsbuffets.com\\\/fr\\\/faq\\\/reserver-dans-les-jardins\\\/\"]}]},{\"@type\":\"BreadcrumbList\",\"@id\":\"https:\\\/\\\/www.lesgrandsbuffets.com\\\/fr\\\/faq\\\/reserver-dans-les-jardins\\\/#breadcrumb\",\"itemListElement\":[{\"@type\":\"ListItem\",\"position\":1,\"name\":\"Accueil\",\"item\":\"https:\\\/\\\/www.lesgrandsbuffets.com\\\/fr\\\/\"},{\"@type\":\"ListItem\",\"position\":2,\"name\":\"R\u00e9server dans les Jardins\"}]},{\"@type\":\"WebSite\",\"@id\":\"https:\\\/\\\/www.lesgrandsbuffets.com\\\/fr\\\/#website\",\"url\":\"https:\\\/\\\/www.lesgrandsbuffets.com\\\/fr\\\/\",\"name\":\"Les Grands Buffets\",\"description\":\"Maison fond\u00e9e en 1989\",\"publisher\":{\"@id\":\"https:\\\/\\\/www.lesgrandsbuffets.com\\\/fr\\\/#organization\"},\"potentialAction\":[{\"@type\":\"SearchAction\",\"target\":{\"@type\":\"EntryPoint\",\"urlTemplate\":\"https:\\\/\\\/www.lesgrandsbuffets.com\\\/fr\\\/?s={search_term_string}\"},\"query-input\":{\"@type\":\"PropertyValueSpecification\",\"valueRequired\":true,\"valueName\":\"search_term_string\"}}],\"inLanguage\":\"fr-FR\"},{\"@type\":\"Organization\",\"@id\":\"https:\\\/\\\/www.lesgrandsbuffets.com\\\/fr\\\/#organization\",\"name\":\"Les Grands Buffets\",\"url\":\"https:\\\/\\\/www.lesgrandsbuffets.com\\\/fr\\\/\",\"logo\":{\"@type\":\"ImageObject\",\"inLanguage\":\"fr-FR\",\"@id\":\"https:\\\/\\\/www.lesgrandsbuffets.com\\\/fr\\\/#\\\/schema\\\/logo\\\/image\\\/\",\"url\":\"https:\\\/\\\/www.lesgrandsbuffets.com\\\/wp-content\\\/uploads\\\/2025\\\/08\\\/LOGO-GB-2205-BLANC-LGB-favicon-BG.png\",\"contentUrl\":\"https:\\\/\\\/www.lesgrandsbuffets.com\\\/wp-content\\\/uploads\\\/2025\\\/08\\\/LOGO-GB-2205-BLANC-LGB-favicon-BG.png\",\"width\":512,\"height\":512,\"caption\":\"Les Grands Buffets\"},\"image\":{\"@id\":\"https:\\\/\\\/www.lesgrandsbuffets.com\\\/fr\\\/#\\\/schema\\\/logo\\\/image\\\/\"}}]}<\/script>\n<!-- \/ Yoast SEO plugin. -->","yoast_head_json":{"title":"R\u00e9servation dans le jardin des Grands Buffets","description":"Le Jardin des grands Buffets est ouvert d\u2019avril \u00e0 octobre. Les r\u00e9servations pour cette terrasse ombrag\u00e9e ouvrent chaque ann\u00e9e en mars selon la m\u00e9t\u00e9o.","robots":{"index":"index","follow":"follow","max-snippet":"max-snippet:-1","max-image-preview":"max-image-preview:large","max-video-preview":"max-video-preview:-1"},"canonical":"https:\/\/www.lesgrandsbuffets.com\/fr\/faq\/reserver-dans-les-jardins\/","og_locale":"fr_FR","og_type":"article","og_title":"R\u00e9servation dans le jardin des Grands Buffets","og_description":"Le Jardin des grands Buffets est ouvert d\u2019avril \u00e0 octobre. Les r\u00e9servations pour cette terrasse ombrag\u00e9e ouvrent chaque ann\u00e9e en mars selon la m\u00e9t\u00e9o.","og_url":"https:\/\/www.lesgrandsbuffets.com\/fr\/faq\/reserver-dans-les-jardins\/","og_site_name":"Les Grands Buffets","article_modified_time":"2025-07-22T10:03:52+00:00","twitter_card":"summary_large_image","twitter_misc":{"Dur\u00e9e de lecture estim\u00e9e":"1 minute"},"schema":{"@context":"https:\/\/schema.org","@graph":[{"@type":"WebPage","@id":"https:\/\/www.lesgrandsbuffets.com\/fr\/faq\/reserver-dans-les-jardins\/","url":"https:\/\/www.lesgrandsbuffets.com\/fr\/faq\/reserver-dans-les-jardins\/","name":"R\u00e9servation dans le jardin des Grands Buffets","isPartOf":{"@id":"https:\/\/www.lesgrandsbuffets.com\/fr\/#website"},"datePublished":"2024-05-02T12:33:16+00:00","dateModified":"2025-07-22T10:03:52+00:00","description":"Le Jardin des grands Buffets est ouvert d\u2019avril \u00e0 octobre. Les r\u00e9servations pour cette terrasse ombrag\u00e9e ouvrent chaque ann\u00e9e en mars selon la m\u00e9t\u00e9o.","breadcrumb":{"@id":"https:\/\/www.lesgrandsbuffets.com\/fr\/faq\/reserver-dans-les-jardins\/#breadcrumb"},"inLanguage":"fr-FR","potentialAction":[{"@type":"ReadAction","target":["https:\/\/www.lesgrandsbuffets.com\/fr\/faq\/reserver-dans-les-jardins\/"]}]},{"@type":"BreadcrumbList","@id":"https:\/\/www.lesgrandsbuffets.com\/fr\/faq\/reserver-dans-les-jardins\/#breadcrumb","itemListElement":[{"@type":"ListItem","position":1,"name":"Accueil","item":"https:\/\/www.lesgrandsbuffets.com\/fr\/"},{"@type":"ListItem","position":2,"name":"R\u00e9server dans les Jardins"}]},{"@type":"WebSite","@id":"https:\/\/www.lesgrandsbuffets.com\/fr\/#website","url":"https:\/\/www.lesgrandsbuffets.com\/fr\/","name":"Les Grands Buffets","description":"Maison fond\u00e9e en 1989","publisher":{"@id":"https:\/\/www.lesgrandsbuffets.com\/fr\/#organization"},"potentialAction":[{"@type":"SearchAction","target":{"@type":"EntryPoint","urlTemplate":"https:\/\/www.lesgrandsbuffets.com\/fr\/?s={search_term_string}"},"query-input":{"@type":"PropertyValueSpecification","valueRequired":true,"valueName":"search_term_string"}}],"inLanguage":"fr-FR"},{"@type":"Organization","@id":"https:\/\/www.lesgrandsbuffets.com\/fr\/#organization","name":"Les Grands Buffets","url":"https:\/\/www.lesgrandsbuffets.com\/fr\/","logo":{"@type":"ImageObject","inLanguage":"fr-FR","@id":"https:\/\/www.lesgrandsbuffets.com\/fr\/#\/schema\/logo\/image\/","url":"https:\/\/www.lesgrandsbuffets.com\/wp-content\/uploads\/2025\/08\/LOGO-GB-2205-BLANC-LGB-favicon-BG.png","contentUrl":"https:\/\/www.lesgrandsbuffets.com\/wp-content\/uploads\/2025\/08\/LOGO-GB-2205-BLANC-LGB-favicon-BG.png","width":512,"height":512,"caption":"Les Grands Buffets"},"image":{"@id":"https:\/\/www.lesgrandsbuffets.com\/fr\/#\/schema\/logo\/image\/"}}]}},"_links":{"self":[{"href":"https:\/\/www.lesgrandsbuffets.com\/fr\/wp-json\/wp\/v2\/faq\/2080","targetHints":{"allow":["GET"]}}],"collection":[{"href":"https:\/\/www.lesgrandsbuffets.com\/fr\/wp-json\/wp\/v2\/faq"}],"about":[{"href":"https:\/\/www.lesgrandsbuffets.com\/fr\/wp-json\/wp\/v2\/types\/faq"}],"wp:attachment":[{"href":"https:\/\/www.lesgrandsbuffets.com\/fr\/wp-json\/wp\/v2\/media?parent=2080"}],"wp:term":[{"taxonomy":"categorie-faq","embeddable":true,"href":"https:\/\/www.lesgrandsbuffets.com\/fr\/wp-json\/wp\/v2\/categorie-faq?post=2080"}],"curies":[{"name":"wp","href":"https:\/\/api.w.org\/{rel}","templated":true}]}}

Réserver dans les Jardins

<p><span style="font-weight: 400;">Le Jardin Hervé di Rosa est ouvert chaque année du 15 avril au 15 octobre. Ces dates peuvent être légèrement avancées ou reculées en fonction des conditions météorologiques du moment.</span></p>
<p><span style="font-weight: 400;">Les réservations pour le Jardin Hervé di Rosa ouvrent au mois de mars.</span></p>

<!-- This site is optimized with the Yoast SEO plugin v27.4 - https://yoast.com/product/yoast-seo-wordpress/ -->
<title>Réservation dans le jardin des Grands Buffets</title>
<meta name="description" content="Le Jardin des grands Buffets est ouvert d’avril à octobre. Les réservations pour cette terrasse ombragée ouvrent chaque année en mars selon la météo." />
<meta name="robots" content="index, follow, max-snippet:-1, max-image-preview:large, max-video-preview:-1" />
<link rel="canonical" href="https://www.lesgrandsbuffets.com/fr/faq/reserver-dans-les-jardins/" />
<meta property="og:locale" content="fr_FR" />
<meta property="og:type" content="article" />
<meta property="og:title" content="Réservation dans le jardin des Grands Buffets" />
<meta property="og:description" content="Le Jardin des grands Buffets est ouvert d’avril à octobre. Les réservations pour cette terrasse ombragée ouvrent chaque année en mars selon la météo." />
<meta property="og:url" content="https://www.lesgrandsbuffets.com/fr/faq/reserver-dans-les-jardins/" />
<meta property="og:site_name" content="Les Grands Buffets" />
<meta property="article:modified_time" content="2025-07-22T10:03:52+00:00" />
<meta name="twitter:card" content="summary_large_image" />
<meta name="twitter:label1" content="Durée de lecture estimée" />
	<meta name="twitter:data1" content="1 minute" />
<script type="application/ld+json" class="yoast-schema-graph">{"@context":"https:\/\/schema.org","@graph":[{"@type":"WebPage","@id":"https:\/\/www.lesgrandsbuffets.com\/fr\/faq\/reserver-dans-les-jardins\/","url":"https:\/\/www.lesgrandsbuffets.com\/fr\/faq\/reserver-dans-les-jardins\/","name":"Réservation dans le jardin des Grands Buffets","isPartOf":{"@id":"https:\/\/www.lesgrandsbuffets.com\/fr\/#website"},"datePublished":"2024-05-02T12:33:16+00:00","dateModified":"2025-07-22T10:03:52+00:00","description":"Le Jardin des grands Buffets est ouvert d’avril à octobre. Les réservations pour cette terrasse ombragée ouvrent chaque année en mars selon la météo.","breadcrumb":{"@id":"https:\/\/www.lesgrandsbuffets.com\/fr\/faq\/reserver-dans-les-jardins\/#breadcrumb"},"inLanguage":"fr-FR","potentialAction":[{"@type":"ReadAction","target":["https:\/\/www.lesgrandsbuffets.com\/fr\/faq\/reserver-dans-les-jardins\/"]}]},{"@type":"BreadcrumbList","@id":"https:\/\/www.lesgrandsbuffets.com\/fr\/faq\/reserver-dans-les-jardins\/#breadcrumb","itemListElement":[{"@type":"ListItem","position":1,"name":"Accueil","item":"https:\/\/www.lesgrandsbuffets.com\/fr\/"},{"@type":"ListItem","position":2,"name":"Réserver dans les Jardins"}]},{"@type":"WebSite","@id":"https:\/\/www.lesgrandsbuffets.com\/fr\/#website","url":"https:\/\/www.lesgrandsbuffets.com\/fr\/","name":"Les Grands Buffets","description":"Maison fondée en 1989","publisher":{"@id":"https:\/\/www.lesgrandsbuffets.com\/fr\/#organization"},"potentialAction":[{"@type":"SearchAction","target":{"@type":"EntryPoint","urlTemplate":"https:\/\/www.lesgrandsbuffets.com\/fr\/?s={search_term_string}"},"query-input":{"@type":"PropertyValueSpecification","valueRequired":true,"valueName":"search_term_string"}}],"inLanguage":"fr-FR"},{"@type":"Organization","@id":"https:\/\/www.lesgrandsbuffets.com\/fr\/#organization","name":"Les Grands Buffets","url":"https:\/\/www.lesgrandsbuffets.com\/fr\/","logo":{"@type":"ImageObject","inLanguage":"fr-FR","@id":"https:\/\/www.lesgrandsbuffets.com\/fr\/#\/schema\/logo\/image\/","url":"https:\/\/www.lesgrandsbuffets.com\/wp-content\/uploads\/2025\/08\/LOGO-GB-2205-BLANC-LGB-favicon-BG.png","contentUrl":"https:\/\/www.lesgrandsbuffets.com\/wp-content\/uploads\/2025\/08\/LOGO-GB-2205-BLANC-LGB-favicon-BG.png","width":512,"height":512,"caption":"Les Grands Buffets"},"image":{"@id":"https:\/\/www.lesgrandsbuffets.com\/fr\/#\/schema\/logo\/image\/"}}]}</script>
<!-- / Yoast SEO plugin. -->

Réservation dans le jardin des Grands Buffets

Le Jardin des grands Buffets est ouvert d’avril à octobre. Les réservations pour cette terrasse ombragée ouvrent chaque année en mars selon la météo.

Maison fondée en 1989
